{"id":61,"date":"2018-02-20T15:08:55","date_gmt":"2018-02-20T15:08:55","guid":{"rendered":"http:\/\/augsburg-vcd.de\/?page_id=61"},"modified":"2022-09-02T15:09:16","modified_gmt":"2022-09-02T13:09:16","slug":"datenschutz","status":"publish","type":"page","link":"https:\/\/vcd-augsburg.de\/?page_id=61","title":{"rendered":"Datenschutz"},"content":{"rendered":"<h5>Hinweise zum Datenschutz<\/h5>\n<p>Der Verkehrsclub Deutschland Kreisverband Augsburg e.V. (VCD) nimmt den Schutz Ihrer pers\u00f6nlichen Daten sehr ernst. Wir m\u00f6chten, dass Sie wissen, welche Daten gespeichert werden und wie der VCD sie verwendet. Als gemeinn\u00fctziger Verein verpflichtet sich der VCD die Bestimmungen der europ\u00e4ischen Datenschutzgrundverordnung (DS-GVO), des Bundesdatenschutzgesetzes (BDSG) sowie des Telemediengesetzes (TMG) einzuhalten.<br \/>\nIm Zuge der Weiterentwicklung unserer Internetseiten und der Implementierung neuer Technologien k\u00f6nnen auch \u00c4nderungen dieser Datenschutzerkl\u00e4rung erforderlich werden. Daher empfehlen wir Ihnen, sich diese Datenschutzerkl\u00e4rung ab und zu erneut durchzulesen.<\/p>\n<h5>Umgang mit Daten<\/h5>\n<p>Der VCD Kreisverband Augsburg erhebt bei Aktionen \u2013 beispielsweise im Internet \u2013 sowie von Spendern und Mitgliedern solche personenbezogenen Daten, die f\u00fcr die Mitgliederverwaltung, f\u00fcr Zwecke der Spendengewinnung und Spendenverwaltung erforderlich sind. Ihre Daten nutzen wir ebenso, um Sie \u00fcber geplante Aktionen, Informationen und Aktivit\u00e4ten des VCD zu informieren. Zudem werden diese Daten f\u00fcr die Zusendung einer Spendenbescheinigung am Jahresende ben\u00f6tigt. Dar\u00fcber hinaus werden personenbezogene Daten nur dann gespeichert, wenn diese freiwillig angegeben werden.<\/p>\n<h5>Datenweitergabe<\/h5>\n<p>In keinem Fall werden die erhobenen Daten verkauft oder aus anderen Gr\u00fcnden an Dritte weitergegeben. Wir arbeiten mit externen DienstleisterInnen zusammen, die vertraglich an den VCD Kreisverband Augsburg gebunden sind. Sie d\u00fcrfen personenbezogene Daten, die sie durch die Zusammenarbeit mit dem VCD Kreisverband Augsburg erhalten, nur f\u00fcr die erlaubten Zwecke nutzen.<\/p>\n<h5>Datenspeicherung im Internet (Server-Log-Files)<\/h5>\n<p>Der VCD Kreisverband Augsburg erhebt und speichert automatisch in seinen Server-Log-Files Informationen, die Ihr Browser an uns \u00fcbermittelt. Dies sind:<\/p>\n<p>&#x2666; Browsertyp\/ -version<\/p>\n<p>&#x2666; verwendetes Betriebssystem<\/p>\n<p>&#x2666; Referrer URL (die zuvor besuchte Seite)<\/p>\n<p>&#x2666; Hostname des zugreifenden Rechners (IP Adresse)<\/p>\n<p>&#x2666; Uhrzeit der Serveranfrage.<\/p>\n<p>Diese Daten werden anonymisiert aufgenommen, lassen sich f\u00fcr den VCD also nicht bestimmten Personen zuordnen. Diese Informationen sind technisch notwendig, um von Ihnen angeforderte Inhalte von Webseiten korrekt auszuliefern und fallen bei Nutzung des Internets zwingend an. Anonyme Informationen dieser Art werden von uns statistisch ausgewertet, um unseren Internetauftritt und die dahinter stehende Technik zu optimieren.<\/p>\n<p>Technischer Dienstleister (Hoster) unserer Website ist die Strato AG,\u00a0Pascalstra\u00dfe 10,\u00a010587 Berlin, Deutschland. Die Beauftragung erfolgt im Rahmen einer Auftragsverarbeitungsvereinbarung (Art. 28 Abs. 3 S. 1 DSGVO) und unserer berechtigten Interessen (Art. 6 Abs. 1 lit. f DSGVO). Die Datenschutzerkl\u00e4rung der Strato AG finden Sie hier:\u00a0https:\/\/www.strato.de\/datenschutz\/<\/p>\n<h5>Sichere \u00dcbermittlung von Daten<\/h5>\n<p>Daten, die auf vcd-augsburg.de in Formulare eingegeben werden, werden verschl\u00fcsselt zum Server \u00fcbertragen. So wird sichergestellt, dass ein unbefugter Zugriff bei der \u00dcbermittlung der Daten zum Server ausgeschlossen ist. F\u00fcr die Verschl\u00fcsselung wird ein SSL-Zertifikat mit hoher Verschl\u00fcsselungsst\u00e4rke (128 bit) verwendet. Dass Ihre Daten \u00fcber eine sichere Verbindung \u00fcbermittelt wurden, erkennen Sie daran, dass in der Adresszeile (URL) nach dem ersten Absenden des Formulars \u201chttps\u201d statt \u201chttp\u201d angezeigt wird. Das \u201cs\u201d steht f\u00fcr secure (sicher).<\/p>\n<h5>Cookies<\/h5>\n<p>Die Internetseiten verwenden an mehreren Stellen so genannte Cookies. Sie dienen dazu, unser Angebot nutzerfreundlicher, effektiver und sicherer zu machen. Cookies sind kleine Textdateien, die auf Ihrem Rechner abgelegt werden und die Ihr Browser speichert. Die meisten der von uns verwendeten Cookies sind so genannte \u201eSession-Cookies\u201d (tempor\u00e4r). Sie werden nach Ende Ihres Besuchs automatisch gel\u00f6scht. Cookies richten auf Ihrem Rechner keinen Schaden an und enthalten keine Viren.<\/p>\n<h5>Verlinkungen<\/h5>\n<p>Die VCD-Website enth\u00e4lt Verlinkungen auf externe Seiten. Es kann keine Garantie daf\u00fcr \u00fcbernommen werden, dass die externen Anbieter die gesetzlichen Datenschutzbestimmungen einhalten.<\/p>\n<h5>Newsletter<\/h5>\n<p>Um zu vermeiden, dass jemand unerw\u00fcnscht Informationen vom VCD Kreisverband Augsburg erh\u00e4lt, ist bei der Anmeldung f\u00fcr einen regelm\u00e4\u00dfigen Versand \u2013 wie beim Abonnieren des VCD-Newsletters \u2013 ein sogenannter Double-Opt-In erforderlich. Das hei\u00dft, das Abonnement wird erst aktiv, wenn es \u00fcber die angegebene E-Mail-Adresse best\u00e4tigt wurde. Um den Missbrauch fremder E-Mail-Adressen zu verhindern, m\u00fcssen Nutzer auch bei Mitmach-Aktionen \u00fcber einen Double-Opt-In best\u00e4tigen, dass sie tats\u00e4chlich Inhaber der verwendeten E-Mail-Adresse sind. Ihre Einwilligung zur Speicherung der Daten, der E-Mail-Adresse sowie deren Nutzung zum Versand des Newsletters k\u00f6nnen Sie jederzeit widerrufen.<\/p>\n<p>Mit der Anmeldung zum Newsletter willigen Sie ein, dass wir Ihr Klick- und \u00d6ffnungsverhalten messen, um Ihnen ein optimales Angebot unseres Newsletter-Versandes zu erm\u00f6glichen.<\/p>\n<p>Wir setzen f\u00fcr den Versand des Newsletters den Dienst der CleverReach GmbH &amp; Co. KG, M\u00fchlenstr. 43, 26180 Rastede, Deutschland ein. Die Beauftragung erfolgt im Rahmen einer Auftragsverarbeitungsvereinbarung (Art. 28 Abs. 3 S. 1 DSGVO) und unserer berechtigten Interessen\u00a0 (Art. 6 Abs. 1 lit. f DSGVO). Die Datenschutzbestimmungen von Cleverreach finden Sie hier: https:\/\/www.cleverreach.com\/de\/datenschutz\/<\/p>\n<h5>Social Plugins<\/h5>\n<p>Wir bieten Ihnen auf unserer Webseite die M\u00f6glichkeit der Nutzung von sog. \u201eSocial-Media-Buttons\u201c an. Zum Schutze Ihrer Daten setzen wir bei der Implementierung auf die L\u00f6sung \u201eShariff\u201c. Hierdurch werden diese Buttons auf der Webseite lediglich als Grafik eingebunden, die eine Verlinkung auf die entsprechende Webseite des Button-Anbieters enth\u00e4lt. Durch Anklicken der Grafik werden Sie somit zu den Diensten der jeweiligen Anbieter weitergeleitet. Erst dann werden Ihre Daten an die jeweiligen Anbieter gesendet. Sofern Sie die Grafik nicht anklicken, findet keinerlei Austausch zwischen Ihnen und den Anbietern der Social-Media-Buttons statt. Informationen \u00fcber die Erhebung und Verwendung Ihrer Daten in den sozialen Netzwerken finden Sie in den jeweiligen Nutzungsbedingungen der entsprechenden Anbieter. Mehr Informationen zur Shariff-L\u00f6sung finden Sie hier: http:\/\/www.heise.de\/ct\/artikel\/Shariff-Social-Media-Buttons-mit-Datenschutz-2467514.html<\/p>\n<p>Wir haben auf unserer Website die Social-Media-Buttons folgender Unternehmen eingebunden:<\/p>\n<p>Facebook Inc. (1601 S. California Ave \u2013 Palo Alto \u2013 CA 94304 \u2013 USA)<\/p>\n<h5>Dienstleister f\u00fcr Email<\/h5>\n<p>Bei Kontaktaufnahme mit dem VCD KV Augsburg e.V. per Email oder der Beantwortung von Anfragen per Email werden Ihre Daten (Email, Anrede, Name) im Rahmen von Office 365 in Rechenzentren der Microsoft Corporation,\u00a0One Microsoft Way, Redmond, WA 98052, USA verarbeitet. Die Datenschutzerkl\u00e4rung von Microsoft finden Sie hier:\u00a0https:\/\/privacy.microsoft.com\/de-de\/privacystatement<\/p>\n<h5>Dienstleister f\u00fcr Online-Zusammenarbeit und Speicher<\/h5>\n<p>Wir nutzen im VCD Kreisverband Augsburg e.V. zur Zusammenarbeit und Dateiablage im Vorstand Onedrive for Business und Sharepoint als Teil von Office 365. Darin k\u00f6nnen personenbezogene Daten (Email, Name, Adresse, Telefonummer) in Briefen, Emails, Mitglieder- oder\u00a0 Teilnehmerlisten gespeichert werden. Diese Dienste werden betrieben von der Microsoft Corporation,\u00a0One Microsoft Way, Redmond, WA 98052, USA.\u00a0Die Datenschutzerkl\u00e4rung von Microsoft finden Sie hier:\u00a0https:\/\/privacy.microsoft.com\/de-de\/privacystatement<\/p>\n<h5>Ihre Rechte<\/h5>\n<p>Sie haben das Recht und die jederzeitige M\u00f6glichkeit,<\/p>\n<p>&#x2666; die beim VCD Kreisverband Augsburg \u00fcber Sie gespeicherten Daten sowie den Inhalt der von Ihnen gegen\u00fcber dem VCD Kreisverband Augsburg abgegebenen Erkl\u00e4rungen abzurufen,<\/p>\n<p>&#x2666; die beim VCD Kreisverband Augsburg \u00fcber Sie gespeicherten Daten zu korrigieren,<\/p>\n<p>&#x2666; gegen\u00fcber dem VCD Kreisverband Augsburg abgegebene Erkl\u00e4rungen zu widerrufen und<\/p>\n<p>&#x2666; die L\u00f6schung Ihrer personenbezogenen Daten zu verlangen.<\/p>\n<p>Sie haben jederzeit das Recht auf Auskunft \u00fcber die bez\u00fcglich Ihrer Person gespeicherten Daten, deren Herkunft und Empf\u00e4nger sowie den Zweck der Datenverarbeitung.<\/p>\n<h5>Fragen zum Datenschutz<\/h5>\n<p>Wenn Sie Fragen zum Datenschutz haben, schreiben Sie uns bitte eine E-Mail an <a href=\"mailto:info@vcd-ausgburg.de\" target=\"_blank\" rel=\"noopener noreferrer\">info@vcd-ausgburg.de<\/a> oder wenden Sie sich schriftlich an den VCD-Kreisverband Augsburg.<\/p>\n<h5>Aktualit\u00e4t und \u00c4nderung dieser Datenschutzerkl\u00e4rung<\/h5>\n<p>Diese Datenschutzerkl\u00e4rung ist aktuell g\u00fcltig und hat den Stand 02. September 2022.<\/p>\n<div class=\"shariff shariff-align-flex-start shariff-widget-align-flex-start\" data-services=\"facebook\" data-url=\"https%3A%2F%2Fvcd-augsburg.de%2F%3Fpage_id%3D61\" data-timestamp=\"1662131356\" data-backendurl=\"?rest_route=\/shariff\/v1\/share_counts&\"><ul class=\"shariff-buttons theme-default orientation-horizontal buttonsize-medium\"><li class=\"shariff-button facebook shariff-nocustomcolor\" style=\"background-color:#4273c8\"><a href=\"https:\/\/www.facebook.com\/sharer\/sharer.php?u=https%3A%2F%2Fvcd-augsburg.de%2F%3Fpage_id%3D61\" title=\"Bei Facebook teilen\" aria-label=\"Bei Facebook teilen\" role=\"button\" rel=\"nofollow\" class=\"shariff-link\" style=\"; background-color:#3b5998; color:#fff\" target=\"_blank\"><span class=\"shariff-icon\" style=\"\"><svg width=\"32px\" height=\"20px\" xmlns=\"http:\/\/www.w3.org\/2000\/svg\" viewBox=\"0 0 18 32\"><path fill=\"#3b5998\" d=\"M17.1 0.2v4.7h-2.8q-1.5 0-2.1 0.6t-0.5 1.9v3.4h5.2l-0.7 5.3h-4.5v13.6h-5.5v-13.6h-4.5v-5.3h4.5v-3.9q0-3.3 1.9-5.2t5-1.8q2.6 0 4.1 0.2z\"\/><\/svg><\/span><span class=\"shariff-text\">teilen<\/span>&nbsp;<\/a><\/li><li class=\"shariff-button mailto shariff-nocustomcolor\" style=\"background-color:#a8a8a8\"><a href=\"mailto:?body=https%3A%2F%2Fvcd-augsburg.de%2F%3Fpage_id%3D61&subject=Datenschutz\" title=\"Per E-Mail versenden\" aria-label=\"Per E-Mail versenden\" role=\"button\" rel=\"noopener nofollow\" class=\"shariff-link\" style=\"; background-color:#999; color:#fff\"><span class=\"shariff-icon\" style=\"\"><svg width=\"32px\" height=\"20px\" xmlns=\"http:\/\/www.w3.org\/2000\/svg\" viewBox=\"0 0 32 32\"><path fill=\"#999\" d=\"M32 12.7v14.2q0 1.2-0.8 2t-2 0.9h-26.3q-1.2 0-2-0.9t-0.8-2v-14.2q0.8 0.9 1.8 1.6 6.5 4.4 8.9 6.1 1 0.8 1.6 1.2t1.7 0.9 2 0.4h0.1q0.9 0 2-0.4t1.7-0.9 1.6-1.2q3-2.2 8.9-6.1 1-0.7 1.8-1.6zM32 7.4q0 1.4-0.9 2.7t-2.2 2.2q-6.7 4.7-8.4 5.8-0.2 0.1-0.7 0.5t-1 0.7-0.9 0.6-1.1 0.5-0.9 0.2h-0.1q-0.4 0-0.9-0.2t-1.1-0.5-0.9-0.6-1-0.7-0.7-0.5q-1.6-1.1-4.7-3.2t-3.6-2.6q-1.1-0.7-2.1-2t-1-2.5q0-1.4 0.7-2.3t2.1-0.9h26.3q1.2 0 2 0.8t0.9 2z\"\/><\/svg><\/span><span class=\"shariff-text\">E-Mail<\/span>&nbsp;<\/a><\/li><li class=\"shariff-button printer shariff-nocustomcolor\" style=\"background-color:#a8a8a8\"><a href=\"javascript:window.print()\" title=\"drucken\" aria-label=\"drucken\" role=\"button\" rel=\"noopener nofollow\" class=\"shariff-link\" style=\"; background-color:#999; color:#fff\"><span class=\"shariff-icon\" style=\"\"><svg width=\"32px\" height=\"20px\" xmlns=\"http:\/\/www.w3.org\/2000\/svg\" viewBox=\"0 0 30 32\"><path fill=\"#999\" d=\"M6.8 27.4h16v-4.6h-16v4.6zM6.8 16h16v-6.8h-2.8q-0.7 0-1.2-0.5t-0.5-1.2v-2.8h-11.4v11.4zM27.4 17.2q0-0.5-0.3-0.8t-0.8-0.4-0.8 0.4-0.3 0.8 0.3 0.8 0.8 0.3 0.8-0.3 0.3-0.8zM29.7 17.2v7.4q0 0.2-0.2 0.4t-0.4 0.2h-4v2.8q0 0.7-0.5 1.2t-1.2 0.5h-17.2q-0.7 0-1.2-0.5t-0.5-1.2v-2.8h-4q-0.2 0-0.4-0.2t-0.2-0.4v-7.4q0-1.4 1-2.4t2.4-1h1.2v-9.7q0-0.7 0.5-1.2t1.2-0.5h12q0.7 0 1.6 0.4t1.3 0.8l2.7 2.7q0.5 0.5 0.9 1.4t0.4 1.6v4.6h1.1q1.4 0 2.4 1t1 2.4z\"\/><\/svg><\/span><span class=\"shariff-text\">drucken<\/span>&nbsp;<\/a><\/li><li class=\"shariff-button rss shariff-nocustomcolor\" style=\"background-color:#ff8c00\"><a href=\"https:\/\/vcd-augsburg.de\/?feed=rss\" title=\"RSS-feed\" aria-label=\"RSS-feed\" role=\"button\" class=\"shariff-link\" style=\"; background-color:#fe9312; color:#fff\" target=\"_blank\"><span class=\"shariff-icon\" style=\"\"><svg width=\"32px\" height=\"20px\" xmlns=\"http:\/\/www.w3.org\/2000\/svg\" viewBox=\"0 0 32 32\"><path fill=\"#fe9312\" d=\"M4.3 23.5c-2.3 0-4.3 1.9-4.3 4.3 0 2.3 1.9 4.2 4.3 4.2 2.4 0 4.3-1.9 4.3-4.2 0-2.3-1.9-4.3-4.3-4.3zM0 10.9v6.1c4 0 7.7 1.6 10.6 4.4 2.8 2.8 4.4 6.6 4.4 10.6h6.2c0-11.7-9.5-21.1-21.1-21.1zM0 0v6.1c14.2 0 25.8 11.6 25.8 25.9h6.2c0-17.6-14.4-32-32-32z\"\/><\/svg><\/span><span class=\"shariff-text\">RSS-feed<\/span>&nbsp;<\/a><\/li><\/ul><\/div>","protected":false},"excerpt":{"rendered":"<p>Hinweise zum Datenschutz Der Verkehrsclub Deutschland Kreisverband Augsburg e.V. (VCD) nimmt den Schutz Ihrer pers\u00f6nlichen Daten sehr ernst. Wir m\u00f6chten, dass Sie wissen, welche Daten gespeichert werden und wie der VCD sie verwendet. Als gemeinn\u00fctziger Verein verpflichtet sich&#8230; <a class=\"read-more\" href=\"https:\/\/vcd-augsburg.de\/?page_id=61\">Mehr erfahren<\/a><\/p>\n","protected":false},"author":1,"featured_media":0,"parent":0,"menu_order":0,"comment_status":"closed","ping_status":"closed","template":"template-full.php","meta":{"footnotes":""},"class_list":["post-61","page","type-page","status-publish","hentry","no-comments"],"_links":{"self":[{"href":"https:\/\/vcd-augsburg.de\/index.php?rest_route=\/wp\/v2\/pages\/61","targetHints":{"allow":["GET"]}}],"collection":[{"href":"https:\/\/vcd-augsburg.de\/index.php?rest_route=\/wp\/v2\/pages"}],"about":[{"href":"https:\/\/vcd-augsburg.de\/index.php?rest_route=\/wp\/v2\/types\/page"}],"author":[{"embeddable":true,"href":"https:\/\/vcd-augsburg.de\/index.php?rest_route=\/wp\/v2\/users\/1"}],"replies":[{"embeddable":true,"href":"https:\/\/vcd-augsburg.de\/index.php?rest_route=%2Fwp%2Fv2%2Fcomments&post=61"}],"version-history":[{"count":28,"href":"https:\/\/vcd-augsburg.de\/index.php?rest_route=\/wp\/v2\/pages\/61\/revisions"}],"predecessor-version":[{"id":2304,"href":"https:\/\/vcd-augsburg.de\/index.php?rest_route=\/wp\/v2\/pages\/61\/revisions\/2304"}],"wp:attachment":[{"href":"https:\/\/vcd-augsburg.de\/index.php?rest_route=%2Fwp%2Fv2%2Fmedia&parent=61"}],"curies":[{"name":"wp","href":"https:\/\/api.w.org\/{rel}","templated":true}]}}